 Give x(1).
1
Let x be -112*(-1)/(-4)*-2. Let s = x + -40. Let g be (-8)/(-12) - s/6. Let t(p) = -p**3 - p**2 - p - 2. Give t(g).
4
Let w(u) = -u**2 + 5*u - 1. Let s = 1 - -11. Let j be 3/s + (-19)/(-4). What is w(j)?
-1
Let u(j) = 5*j**3 - 88 - j + 89 + 6*j**2 - 4*j**3. Suppose -2 - 2 = -i. Suppose 2*d - 30 = 4*p + 5*d, 0 = -i*d - 8. Give u(p).
7
Let k(m) = -m**3 + m**2 + 4*m. Suppose -4*i + 8 = -0*i + 2*d, -4*d = 3*i - 1. What is k(i)?
-6
Let v(c) = -c**3 + 2*c + 2. Let p(x) = x**3 + 6*x**2 + 5*x + 3. Let g be p(-5). Suppose a = g - 5. Calculate v(a).
6
Let n be (3/(-2))/(3/6). Let k = 6 + n. Let g(d) = d**2 - 3*d + 2. Determine g(k).
2
Let y(c) = 6*c - 1. Let a be y(2). Suppose 0 = 4*o + v - a, 4*o + 0*o = 2*v + 26. Let x(g) = g**2 - 5*g + 1. Give x(o).
-3
Let a(i) = -i**2 - 2*i + 7. Suppose -j - 7 + 2 = 0. Determine a(j).
-8
Let i(u) = 5 - 2*u**3 - 6*u**2 + 5*u**3 - 4*u - 4*u**3. Let k(m) = m + 1. Let p be k(-6). Give i(p).
0
Let l(a) = a**2 - 12*a + 3. Suppose -p + 33 = 3*t + 4*p, 2*t - 22 = p. Give l(t).
-8
Let w be 2 - (-3)/(-2 + 1). Let s(j) be the first derivative of -j**2/2 + 20. Calculate s(w).
1
Let n(f) be the third derivative of -f**6/180 + f**4/24 - f**3/2 - f**2. Let w(y) be the first derivative of n(y). Let h = -8 - -6. Give w(h).
-7
Suppose 2*b + 3*b = 0. Suppose b = -2*u - 10. Let f(c) = -c. Let r(x) = -7*x. Let s(j) = u*f(j) + r(j). Give s(-1).
2
Let b(p) = -9*p + 1 + 10*p + 5*p. Give b(2).
13
Let y(v) = 10*v**3 + 1. Let q be 16/(-9) + (-6)/27. Let w = 26 + -22. Let p be (-6 + w)*q/4. Calculate y(p).
11
Let j(o) = o - 3 + 5 + 2. Let x = -17 + 24. Suppose -15 = x*y - 2*y. Calculate j(y).
1
Let p(r) = -7 - 7*r**2 - 8*r - 2 + 706*r**3 - 705*r**3. Calculate p(8).
-9
Let i(p) be the second derivative of -p**6/360 - 7*p**5/120 - p**4/6 - p**3/6 - p. Let j(m) be the second derivative of i(m). What is j(-5)?
6
Let m = -13 - -12. Let v(j) = -7*j**2 - j. Calculate v(m).
-6
Suppose -4*g = x - 2, -5*x - g = -5 + 33. Let r be (-6)/(-9)*3 + x. Let j(o) = -1. Let t(z) = z**2 + 6*z + 6. Let n(s) = -j(s) - t(s). Determine n(r).
3
Let l(t) = -5*t**2 + 1 - 5*t + 2*t**2 + t**3 - 3 + 3. Determine l(4).
-3
Let r = -17 + 31. Suppose r = 4*c - 2*s, -s = 5*c - 0*s - 7. Let q(w) = -4 + 2 + w - c. Calculate q(5).
1
Suppose -3*r - 7 = n, -r + 14 = r - 4*n. Let v(b) be the first derivative of -b**2/2 - b + 7. Calculate v(r).
0
Let k be -4*((-36)/8 + 3). Let z(s) = -s**2 + 6 + 6 - 5 - k*s + 0. Determine z(-6).
7
Let n(h) be the third derivative of -h**6/720 - 7*h**5/120 - h**4/12 + h**2. Let q(m) be the second derivative of n(m). Give q(-5).
-2
Let z be (-34)/(-4) - (-2)/4. Let g be (-17 - -2)*3/z. Let y(i) = i + 6. Calculate y(g).
1
Let l(i) be the third derivative of -i**5/20 + i**3/3 - i**2. Let p(j) = j + 5. Let t be p(-7). Determine l(t).
-10
Let x(z) = -10 + 4*z - 3*z + 11 + z**2. What is x(0)?
1
Let n(w) = -w**2 - 4*w - 3 + 1 + 2. Calculate n(-5).
-5
Suppose 5*p + 3*n = 19, -5 = -5*p + p + n. Let q(h) = -h**3 + h**2 + h - 1. Determine q(p).
-3
Let m(f) = -3*f**2 - 13*f - 20. Let y(s) = -2*s**2 - 9*s - 13. Suppose 2*c - 15 = -o, 2*c + 4*o - 20 = 8*o. Let a(b) = c*y(b) - 5*m(b). Calculate a(-3).
8
Let t be ((-2)/6)/(2/6). Let q be ((-4)/(-6))/(t/(-6)). Suppose 3*y + q*c = -0*y + 1, -3*y = c + 2. Let l(d) = d + 1. Determine l(y).
0
Suppose -8 = 4*w - 0*f + 4*f, 0 = -f + 2. Let v(j) be the third derivative of -j**5/60 - j**4/12 + 5*j**3/6 + 3*j**2. Determine v(w).
-3
Let d be (8 + 2)/(-2) - -2. Let u(r) = -4*r + 6*r - 4 + 3*r**2 - 2*r**2 + r**2. Give u(d).
8
Let l be -3 + 3 - 16/(-1). Let a be (1 + 2)/((-12)/l). Let f(y) = -y. Calculate f(a).
4
Let w(q) = -q**2 + 7*q - 6. Let g be w(7). Let x(i) = i**3 + 6*i**2 - i - 5. What is x(g)?
1
Let x be (-1)/4 + (-42)/(-8). Suppose 4 = -r + 5*d, -x*r - 2*d - 7 = 13. Let f(o) = -2 - o + 4 - 3. Calculate f(r).
3
Let z(u) be the third derivative of -u**6/10 - u**5/60 + 19*u**2. Let h(d) = -2*d + 3. Let s be h(2). Determine z(s).
11
Let a(h) = 2*h + 1. Suppose -10*y = -8*y - 4. Give a(y).
5
Let k(h) = -2 - 1 + 2 + 4*h. Let c(b) = -5*b. Let w(p) = -3*c(p) - 4*k(p). Let v = -11 + 7. Determine w(v).
8
Let h(d) be the first derivative of d**4/4 - 2*d**3/3 + d**2/2 - d - 24. Determine h(3).
11
Let i(a) = a. Let b be i(4). Let u = b + -5. Let f(j) = -j**2 + j - 1. Let x(m) = 6*m**3 + 7*m**2 - 7*m + 5. Let y(w) = -6*f(w) - x(w). Calculate y(u).
5
Let b = 2 + -1. Let w(d) = 9*d + 5*d - 126 + 125. Calculate w(b).
13
Let s(w) = -w**3 - w**2 - w - 6. Suppose 2 + 1 = -3*d. Let t be -1 + (-1 - (d - 1)). Determine s(t).
-6
Let m(i) = -5*i - 6. Let q(r) = r - 1. Let s(b) = -m(b) - 6*q(b). Give s(5).
7
Let y = 128 + -130. Let c(d) = 2*d**2 + 2*d. What is c(y)?
4
Let q = -1 + -1. Let i(n) = -2*n - n + 7*n - 1. Give i(q).
-9
Let c(r) = -6*r**2 + 3*r**2 + 2*r**2 - 5*r + 7. Let u(a) = -a**2 + 4*a + 7. Let v be u(6). Give c(v).
7
Let s(u) = -u. Let f(h) be the third derivative of -h**4/8 + h**3/2 + 9*h**2. Let i be f(2). Calculate s(i).
3
Let b be 2/((-4)/(-2))*3. Let y(k) be the third derivative of k**6/120 - k**5/15 + k**4/24 - k**3/3 - 44*k**2. Determine y(b).
-8
Let w(b) = b**2. Let t = 5 + -4. Let s be t*((3 - 2) + 1). Determine w(s).
4
Let q(l) = -l**3 - 5*l**2 + 5*l. Let k be 34/8 + 1/(-4). Suppose 4*h + 30 = -2*a, -h + 4*h + 30 = -k*a. Determine q(h).
6
Let l(o) = 6*o**2 + 2*o. Let k be l(1). Let c(y) = y - 11. What is c(k)?
-3
Suppose -i = z - 4, -3*z = -3*i + 1 + 17. Suppose -4*n = -5*n - i. Let p(l) = -l**3 - 4*l**2 + 3*l - 5. Let h be p(n). Let o(g) = -2*g + 4. Give o(h).
-6
Let t(z) = 1 + 17*z - 38*z + 23*z + 1. Give t(5).
12
Let v(r) = -2*r**2 - 4*r. Let p(m) = -3*m**2 - 3*m - 1. Let n(t) = 3*p(t) - 4*v(t). What is n(5)?
7
Let v(b) = 3*b + 2. Let w(l) = l + 1. Let a(g) = v(g) - 5*w(g). What is a(-4)?
5
Let u be 4/(-6) + 4/(-3). Let v = 7 - 13. Let w(p) = 7*p**2 - 3*p + 4. Let b(h) = 8*h**2 - 3*h + 5. Let g(n) = v*b(n) + 7*w(n). Calculate g(u).
8
Suppose 4*v = -0*v + 20. Let t(x) = -x**3 + 5*x**2 + x - 7. Determine t(v).
-2
Let j(r) = -6*r**3 + 2*r + 5*r**3 + 0*r**3. What is j(2)?
-4
Let w(d) = -d**2 + 4. Let b(i) = -i**3 + i**2 + 3. Let p be b(0). Suppose -1 = -r + p. Calculate w(r).
-12
Let o(i) = i**2 + 9*i - 1. Let n(w) = -2*w**3 - 10*w**2 - w - 9. Let t be n(-5). What is o(t)?
-21
Let d(v) = v**2 + v - 10. Let u be -3*((-21)/9 + 2). Let n be (u - 0) + (-4 - -3). Calculate d(n).
-10
Let j be (-6)/(-4) + (-1)/2. Let y(w) be the second derivative of -7*w + 0*w**3 - 1/6*w**4 - 1/2*w**2 + 0. Determine y(j).
-3
Let g(i) = 3 - 4 + i - 3. Suppose 31*a - 36*a - 15 = 0. Give g(a).
-7
Let z = 3 + -2. Let p(t) = -8*t**2 + t. Let x(y) = -y**2. Let f(a) = p(a) + x(a). Give f(z).
-8
Let c(m) be the first derivative of -m**4/4 - 7*m**3/3 + 6*m - 8. Determine c(-7).
6
Let q = 12 - 6. Let v(w) = -6*w - 1 + 3*w - 5*w**2 + q*w - 2*w. Determine v(1).
-5
Let n be (9/(-3))/3 + 3. Suppose -n*z = -4*z + 4. Let q(u) = -4*u - 5 + 8*u**2 - u**3 - z*u**2 + 5*u. Determine q(6).
1
Let k(s) = s - 9. Suppose 2*h + 25 = 7*h. Calculate k(h).
-4
Let c = -2 + 4. Suppose -3*j + 15 = c*j. Let k(m) = -5*m - j*m + 3 + 7*m. Calculate k(4).
-1
Let l(f) = f**3 - 5*f**2 + 3*f + 6. Let h be l(4). Let x(o) be the second derivative of 4*o - 1/3*o**3 + 5/2*o**h + 0. What is x(4)?
-3
Suppose -5*x + 4*y + 36 = 0, 3*y = -x + 6*y + 16. Let u(n) = 6*n - 2*n - 56 - n**2 + 61. What is u(x)?
5
Let o(i) = i**2 - i. Let k(w) = -w**3 - 3*w**2 + 4*w + 7. Let n(v) = -k(v) - 3*o(v). Let p be 0/(-2) + 0 + 0. Calculate n(p).
-7
Let u = -6 + 6. Let p(f) = -f**3 - f**2 - f + 11. What is p(u)?
11
Let q(n) = -n**3 - n**2 + n - 1. Let w(y) = -y**3 - 7*y**2 + 3*y - 9. Let l(i) = 2*q(i) - w(i). Let c = -6 + 11. Determine l(c).
2
Let k = -5 + 8. Let h(u) = u**2. Let w(f) = -3*f**2 - 3*f - 1. Let m(q) = 4*h(q) + w(q). Calculate m(k).
-1
Let j(x) = x**3 - x - 1. Let d(k) = -5*k**3 - 2*k**2 + 6*k + 5. Let m(q) = d(q) + 3*j(q). Calculate m(-2).
4
Let k(p) = -3*p**3 - p**2 - 1. Let j(c) = 16*c**3 + 5*c**2 + 6. Let m(h) = 2*j(h) + 11*k(h). Let w be (1/3)/(2/30). Suppose w*g - g = 0. Calculate m(g).
1
Let x(b) = 14 - 2*b + 12*b**2 + 5*b**2 + 25*b - 3*b + b**3. Let z(u) = -6*u**2 - 7*u - 5. Let w(d) = 6*x(d) + 17*z(d). What is w(1)?
6
Let t(j) = -j**2 - 2*j + 1. Let b be -20*(2 - 18/15). Le